ist the prime factors of 35044.
2, 8761
What are the prime factors of 356?
2, 89
List the prime factors of 7500.
2, 3, 5
List the prime factors of 713.
23, 31
List the prime factors of 270.
2, 3, 5
List the prime factors of 7779.
3, 2593
What are the prime factors of 797?
797
What are the prime factors of 9762?
2, 3, 1627
What are the prime factors of 17059?
7, 2437
What are the prime factors of 1656?
2, 3, 23
What are the prime factors of 50038?
2, 127, 197
List the prime factors of 850.
2, 5, 17
List the prime factors of 590.
2, 5, 59
What are the prime factors of 12368?
2, 773
What are the prime factors of 2395?
5, 479
List the prime factors of 155.
5, 31
What are the prime factors of 2351?
2351
List the prime factors of 71022.
2, 3, 7, 19, 89
What are the prime factors of 25000?
2, 5
List the prime factors of 503.
503
List the prime factors of 509.
509
What are the prime factors of 32560?
2, 5, 11, 37
What are the prime factors of 1313?
13, 101
List the prime factors of 29919.
3, 9973
List the prime factors of 17297.
7, 353
List the prime factors of 1794.
2, 3, 13, 23
List the prime factors of 7279.
29, 251
What are the prime factors of 437?
19, 23
What are the prime factors of 108688?
2, 6793
List the prime factors of 9600.
2, 3, 5
List the prime factors of 1429.
1429
List the prime factors of 345.
3, 5, 23
What are the prime factors of 35090?
2, 5, 11, 29
List the prime factors of 98548.
2, 71, 347
List the prime factors of 6743.
11, 613
What are the prime factors of 13879?
13879
What are the prime factors of 2109?
3, 19, 37
What are the prime factors of 545?
5, 109
List the prime factors of 76274.
2, 11, 3467
List the prime factors of 4522.
2, 7, 17, 19
List the prime factors of 1026.
2, 3, 19
List the prime factors of 6874.
2, 7, 491
What are the prime factors of 1547?
7, 13, 17
What are the prime factors of 12683?
11, 1153
List the prime factors of 147325.
5, 71, 83
List the prime factors of 2652.
2, 3, 13, 17
List the prime factors of 140210.
2, 5, 7, 2003
List the prime factors of 9529.
13, 733
What are the prime factors of 3309?
3, 1103
List the prime factors of 3460.
2, 5, 173
List the prime factors of 4279.
11, 389
List the prime factors of 25001.
23, 1087
What are the prime factors of 4317?
3, 1439
What are the prime factors of 184998?
2, 3, 11, 2803
What are the prime factors of 1557?
3, 173
List the prime factors of 2701.
37, 73
What are the prime factors of 12080?
2, 5, 151
List the prime factors of 1083.
3, 19
What are the prime factors of 28883?
17, 1699
List the prime factors of 86846.
2, 173, 251
List the prime factors of 392.
2, 7
List the prime factors of 14993.
11, 29, 47
List the prime factors of 49886.
2, 24943
List the prime factors of 42575.
5, 13, 131
What are the prime factors of 62245?
5, 59, 211
What are the prime factors of 22942?
2, 11471
What are the prime factors of 1659?
3, 7, 79
List the prime factors of 43098.
2, 3, 11, 653
What are the prime factors of 123380?
2, 5, 31, 199
What are the prime factors of 63757?
103, 619
What are the prime factors of 282?
2, 3, 47
List the prime factors of 38554.
2, 37, 521
List the prime factors of 45540.
2, 3, 5, 11, 23
What are the prime factors of 5411?
7, 773
List the prime factors of 151048.
2, 79, 239
List the prime factors of 13034.
2, 7, 19
What are the prime factors of 30312?
2, 3, 421
List the prime factors of 197.
197
List the prime factors of 14116.
2, 3529
List the prime factors of 25399.
11, 2309
List the prime factors of 1321.
1321
What are the prime factors of 66711?
3, 37, 601
What are the prime factors of 15537?
3, 5179
What are the prime factors of 5112?
2, 3, 71
List the prime factors of 10732.
2, 2683
List the prime factors of 83123.
101, 823
What are the prime factors of 26915?
5, 7, 769
What are the prime factors of 10052?
2, 7, 359
List the prime factors of 64.
2
What are the prime factors of 7842?
2, 3, 1307
What are the prime factors of 3725?
5, 149
What are the prime factors of 14745?
3, 5, 983
What are the prime factors of 524?
2, 131
What are the prime factors of 2672?
2, 167
List the prime factors of 1982.
2, 991
What are the prime factors of 180?
2, 3, 5
What are the prime factors of 31081?
31081
List the prime factors of 22563.
3, 23, 109
What are the prime factors of 831?
3, 277
List the prime factors of 40.
2, 5
What are the prime factors of 2264?
2, 283
List the prime factors of 3315.
3, 5, 13, 17
What are the prime factors of 17205?
3, 5, 31, 37
List the prime factors of 1040.
2, 5, 13
List the prime factors of 24337.
24337
What are the prime factors of 91?
7, 13
What are the prime factors of 1710?
2, 3, 5, 19
What are the prime factors of 2359?
7, 337
List the prime factors of 35300.
2, 5, 353
List the prime factors of 2909.
2909
What are the prime factors of 4784?
2, 13, 23
What are the prime factors of 17499?
3, 19, 307
List the prime factors of 1121.
19, 59
What are the prime factors of 281?
281
List the prime factors of 1909.
23, 83
What are the prime factors of 92914?
2, 46457
What are the prime factors of 116877?
3, 38959
What are the prime factors of 17374?
2, 7, 17, 73
List the prime factors of 1029.
3, 7
What are the prime factors of 14174?
2, 19, 373
What are the prime factors of 436?
2, 109
List the prime factors of 5032.
2, 17, 37
What are the prime factors of 31319?
31319
List the prime factors of 511.
7, 73
List the prime factors of 1307.
1307
What are the prime factors of 39248?
2, 11, 223
What are the prime factors of 26755?
5, 5351
List the prime factors of 84418.
2, 42209
What are the prime factors of 511?
7, 73
What are the prime factors of 476?
2, 7, 17
List the prime factors of 3544.
2, 443
List the prime factors of 52859.
52859
What are the prime factors of 108865?
5, 21773
List the prime factors of 10785.
3, 5, 719
List the prime factors of 56641.
13, 4357
List the prime factors of 88962.
2, 3, 14827
What are the prime factors of 7741?
7741
List the prime factors of 62493.
3, 37, 563
List the prime factors of 19112.
2, 2389
What are the prime factors of 804?
2, 3, 67
What are the prime factors of 807?
3, 269
List the prime factors of 81237.
3, 13, 2083
What are the prime factors of 21401?
21401
What are the prime factors of 58904?
2, 37, 199
What are the prime factors of 3990?
2, 3, 5, 7, 19
What are the prime factors of 374?
2, 11, 17
What are the prime factors of 11667?
3, 3889
List the prime factors of 10474.
2, 5237
What are the prime factors of 6757?
29, 233
List the prime factors of 3596.
2, 29, 31
What are the prime factors of 840?
2, 3, 5, 7
List the prime factors of 347.
347
List the prime factors of 566.
2, 283
List the prime factors of 360.
2, 3, 5
List the prime factors of 653.
653
What are the prime factors of 1600?
2, 5
List the prime factors of 809.
809
List the prime factors of 1418.
2, 709
List the prime factors of 1419.
3, 11, 43
List the prime factors of 19868.
2, 4967
What are the prime factors of 1750?
2, 5, 7
What are the prime factors of 41890?
2, 5, 59, 71
What are the prime factors of 2752?
2, 43
What are the prime factors of 2778?
2, 3, 463
List the prime factors of 601.
601
What are the prime factors of 351?
3, 13
List the prime factors of 13.
13
List the prime factors of 14345.
5, 19, 151
List the prime factors of 5540.
2, 5, 277
What are the prime factors of 3088?
2, 193
What are the prime factors of 771?
3, 257
What are the prime factors of 2054?
2, 13, 79
List the prime factors of 12414.
2, 3, 2069
List the prime factors of 2738.
2, 37
What are the prime factors of 1347?
3, 449
List the prime factors of 166082.
2, 7, 11863
List the prime factors of 51286.
2, 25643
What are the prime factors of 427?
7, 61
What are the prime factors of 1820?
2, 5, 7, 13
What are the prime factors of 177552?
2, 3, 137
What are the prime factors of 15584?
2, 487
List the prime factors of 1035.
3, 5, 23
What are the prime factors of 6992?
2, 19, 23
List the prime factors of 7972.
2, 1993
What are the prime factors of 45530?
2, 5, 29, 157
List the prime factors of 160565.
5, 17, 1889
List the prime factors of 3172.
2, 13, 61
What are the prime factors of 86?
2, 43
List the prime factors of 1250.
2, 5
List the prime factors of 968.
2, 11
What are the prime factors of 28613?
13, 31, 71
What are the pr